721, -265 - h = -2*t - 3*g. What is the hundreds digit of t?
1
Suppose -4*y + 6 + 10 = 0. What is the tens digit of y - 7 - -7 - -88?
9
Suppose 526*m - 508*m - 10800 = 0. What is the hundreds digit of m?
6
Let j be ((-8)/20)/((-1)/10). Suppose 0 = 4*q + 28 + j. What is the units digit of 9 + 4/q*8?
5
Let r be (1 - (-14)/7)*4/3. Let k = r - -149. What is the hundreds digit of k?
1
Let v = 5973 + -3975. What is the units digit of 0 - v/(-15) - (-2)/(-10)?
3
Let u be 1010/7 - 3/(-63)*-6. Let t = -52 + u. What is the tens digit of t?
9
Suppose o + 21 = 4*o. Let w(k) = -3*k + 31. What is the tens digit of w(o)?
1
Suppose -p + 3 = 0, -3*c - 5 + 2 = 3*p. What is the tens digit of (-5896)/(-56) - c/(-14)?
0
Let x(z) = 25 - 10 + z + 3*z**2 + 0*z**2 - 13*z. What is the tens digit of x(7)?
7
Let x(w) = -12*w - 16. Let t be x(-8). Suppose 0 = 4*u - 0*u - t. What is the tens digit of u?
2
Let p = 115 - 32. What is the units digit of p?
3
Suppose 4*h - 13 - 19 = -4*x, -2*x - 8 = 0. Let b = h - -19. What is the tens digit of b?
3
Suppose 0 = 38*j - 44465 + 4603. What is the thousands digit of j?
1
Suppose -2*r + 5*r = 132. Let w = 108 - 37. Let y = w - r. What is the tens digit of y?
2
Let r = 12 + -9. Let f be (r/21 + -1)*49. What is the units digit of (f/(-8))/((-15)/(-40))?
4
What is the hundreds digit of (7821/165)/((-6)/(-110))?
8
Let s be (2 - 0)*62/4. Let h = s + -3. Let g = -1 + h. What is the tens digit of g?
2
Suppose -5*d + 18 = 4*p, d + 1 = 4*p - 5. Suppose 32 - 4 = d*c. Let x = c + -6. What is the units digit of x?
8
Suppose -3*o - 3 = 2*y - 2, 0 = 5*o + 15. Suppose y*h + 0*h - k - 311 = 0, 5*h - k = 390. What is the tens digit of h?
7
Suppose 5*q - 10 = -5. Suppose -3*t = 2*z + 7, -2*t - q = -2*z - 3. Let h = z + 24. What is the tens digit of h?
2
Suppose -5*p - 23 + 113 = 0. Let x = p - 7. What is the units digit of x?
1
Let m(z) = -1 - 28*z + 56*z + 9*z. What is the tens digit of m(1)?
3
Let v(y) = -2*y + 1. Let r be v(-4). Suppose -r + 25 = 4*c. Suppose -c = -4*w, -17 = -q - w + 2. What is the units digit of q?
8
Suppose 0 = -4*q - q. Suppose q = m + 22 - 16. What is the units digit of 6*(-5)/(15/m)?
2
Let u(d) = 356*d**2 - 6*d - 5. What is the thousands digit of u(-2)?
1
Let c(s) be the second derivative of -13*s**3/6 + 16*s**2 - 28*s. What is the tens digit of c(-6)?
1
Let g(u) be the second derivative of -u**5/20 + u**4/4 + u**3 - 3*u**2 - 3*u. Let c be g(4). What is the tens digit of (12/16)/(c/56)?
2
Suppose -51 + 338 = 5*s + 4*g, 3*s + 2*g - 171 = 0. Let y = -52 + s. What is the units digit of y?
3
Let m = -3 + -22. Let k be ((-10)/m)/(3/(-30)). Let f = 30 + k. What is the units digit of f?
6
Let p = -84 + 100. Suppose 13*f + 531 = p*f. What is the tens digit of f?
7
Suppose h = 2*v - 21, 0 = 4*v + 5*h - 3*h - 46. Suppose 112 = v*i - 4*i. What is the tens digit of i?
1
Let x = -53 - -75. Suppose 0 = c - 2*c - x. Let r = c - -47. What is the tens digit of r?
2
Suppose 6*v + 28 = 2*v. Let r = -2 - v. Suppose -2 = 4*u + r*g + 14, 2*u = -g - 2. What is the units digit of u?
1
Suppose -21 = -3*h - 9. What is the hundreds digit of (-906)/h*((-28)/(-12) + -3)?
1
Let a = 45 + 15. What is the units digit of 1281/9 + a/36?
4
Let c = 473 + -167. Suppose 282 = 4*h - c. What is the tens digit of h?
4
Let x(z) = -z**3 + 12*z**2 - 6*z - 24. Let c(m) = -4*m**3 - 2*m**2 + 1. Let t be c(-1). Suppose 2*j + 2 = 0, 2*a + t*j = j + 20. What is the tens digit of x(a)?
3
Let t(h) = h**2 + 4*h + 0*h + 6*h. What is the units digit of t(-11)?
1
Let m be ((-66)/(-9))/1*-3. Let c be (-4)/(-22) + (-1316)/m. Suppose 3*f + f - c = 0. What is the units digit of f?
5
Let c(r) = 1 + 0 + 15*r + r**3 + 12*r**2 + 0 + 5. What is the units digit of c(-10)?
6
Suppose 5*v - 21 = 5*o + 4, 3 = 3*o. Let t be (20/v)/(2/(-6)). What is the tens digit of 19 + 0 + t/5?
1
What is the units digit of -21*13/(-3)*2?
2
Suppose -3*a + 18 = 3*a. Let w(q) = -q**3 + 5*q**2 - 5*q - 1. Let n be w(a). Suppose 0 = -2*p - n*m + 86, -4*m + 2*m = -4*p + 142. What is the units digit of p?
8
Suppose 6*k - 333 = 5*k - p, -12 = -4*p. What is the tens digit of k?
3
Let b(i) = -i**3 + 6*i**2 + 9*i - 3. Suppose 4*s - 7 = -3. Let w = s - -6. What is the tens digit of b(w)?
1
What is the units digit of 107 + (0/30 - (-4)/(-2))?
5
Suppose -2*q + 12 = -4*r + q, -r - 5*q = -20. Suppose r = -4*f + 18 + 74. What is the tens digit of f?
2
Suppose 13*o - 16*o = -84. Let z = o + -4. What is the units digit of z?
4
Suppose -12 = 4*x + 6*q - 2*q, -4*x - q + 3 = 0. Suppose -t + x*t = 3. What is the units digit of (-140)/(-7)*t/2?
0
Suppose -4*p + 13890 = 3*t, 0 = -0*p - 2*p + t + 6940. What is the tens digit of p?
7
Let b be -35 + (-4 + 3 - -3). Let x = b - -88. What is the tens digit of x?
5
Let h(b) = b**3 - 13*b**2 - 15*b + 8. Let a be h(14). Let t = 3 - 19. What is the tens digit of (t/a)/(2/24)?
3
Let m(z) = 1 + 7*z - 10*z + 0. Let j be m(2). Let u(c) = c**3 + 7*c**2 + 4*c + 4. What is the tens digit of u(j)?
3
Suppose 618 = 5*n + 3*r, r - 2*r = -4*n + 508. What is the tens digit of 1*n*(-66)/(-77)?
0
Let m = -183 - -186. Let i(l) = -31*l + 2. Let x be i(-3). Suppose -a - f + 145 = m*a, -2*f - x = -3*a. What is the units digit of a?
5
What is the hundreds digit of 1735*(-24)/(-60) + 1*-1?
6
Let z(a) = -a**3 + 15*a**2 - 14*a - 4. Let l be z(14). What is the units digit of (20 - -2)/2 + l?
7
What is the tens digit of 282695/70 + (-9)/6?
3
Let p(m) be the third derivative of 19*m**5/60 + 7*m**4/24 - m**3/2 + 4*m**2. Let j be p(3). What is the units digit of 2 - 1 - j/(-7)?
8
Let o = -155 + 73. What is the units digit of (o/8)/(4/(-32))?
2
Let b(d) = -d**3 + 29*d**2 - 5*d + 35. Let p be b(29). Let o = p + 429. What is the hundreds digit of o?
3
Suppose 6*f - 12 = 24. Let s(m) = 16*m - 12. What is the units digit of s(f)?
4
Let a = -495 + 1328. What is the units digit of a?
3
What is the units digit of -3 + 1264 - (-7 + 4)?
4
Suppose 152 = 3*n - 2*f - 1800, -5*f + 10 = 0. What is the hundreds digit of n?
6
Suppose 8 = q + 20. Let l be (-135)/q*16/(-6). What is the units digit of l/(-4) + 1/(-2)?
7
Let p(x) = x**3 + 8*x**2 + 3*x - 5. Let m be p(-6). Let s = -8 + m. What is the tens digit of s?
4
Let r(q) = -3*q + 35. Suppose -p = -5*t + 19, p - 3*t = -0*t - 21. What is the hundreds digit of r(p)?
1
Suppose 10 = -6*t + t. What is the hundreds digit of (t - (-9 - -3)) + 101?
1
Let s be (-2)/(-9) - (-56)/(-9). Let v be 15/6*s/(-3). Suppose 3*m - 58 = -5*g, v*m - 3*g - 59 = 49. What is the units digit of m?
1
Let b be 4/(-6) - 20/(-3). Suppose 2*t - 44 = -2*x, 3*t = -5*x + 3*x + 45. Let j = x + b. What is the tens digit of j?
2
Suppose -5*i + 24 = -3*v - 56, -i = -3*v - 76. Let c = v + 25. Suppose -4*o + 11 + 173 = c. What is the tens digit of o?
4
Suppose 5*i - 7 = 2*u + 36, 0 = 3*i - 5*u - 22. Suppose 286 = -7*g + i*g. What is the tens digit of g?
4
Let t = 40 - -46. Suppose -h = s - 126, -s + t + 48 = -h. What is the hundreds digit of s?
1
Let i = -19 - -21. Suppose -1 = i*z - 3*z. What is the units digit of z?
1
Let i = 9 + -4. Let q(h) = -h**3 + 4*h**2 + 5*h + 4. Let a be q(i). Suppose -a*g + 102 = -v, -5*g + v + 86 + 42 = 0. What is the units digit of g?
6
Suppose -12 + 2 = -5*q. Suppose 21 = -q*r + 107. Let b = r + -26. What is the units digit of b?
7
Let p(z) = z**3 + 6*z**2 + 3*z - 5. Let u be p(-4). Let y(t) = -t**3 + 14*t**2 + 19*t - 27. What is the tens digit of y(u)?
3
Let g(b) = -11*b - 4. Let r(h) = -12*h - 4. Let l(c) = -4*g(c) + 5*r(c). What is the tens digit of l(-5)?
7
Suppose 0 = 5*h - 4*o + o - 2969, 3*h + 3*o - 1767 = 0. What is the units digit of h?
2
What is the thousands digit of 9/(-3) - 0 - (-8 + -2952)?
2
Let v(j) = -10*j + 24. Let b be v(11). Let m = 141 + b. Suppose 0 = i - 7 - m. What is the units digit of i?
2
Let v(p) be the second derivative of -p**5/20 + 7*p**4/12 + 7*p**3/6 + 7*p**2/2 - 16*p. What is the units digit of v(6)?
5
Let o = 22 + 104. Suppose 5*m - 5*a - o - 119 = 0, -m + 4*a = -58. What is the tens digit of m?
4
Let g be 2/(-3) + 236/12. Let i = 27 - g. Suppose -3*j - 15 = -i*j. What is the units digit of j?
3
Suppose 0*o = 2*o - 116. Suppose 2*l = 4, -s - 3*l = s - o. Suppose t - 22 - s = 3*f, 55 = t + 4*f. What is the tens digit of t?
5
Suppose -4*j + 153 = -895. What is 